{"id":506,"date":"2024-03-04T08:43:02","date_gmt":"2024-03-03T19:43:02","guid":{"rendered":"http:\/\/sefa.co.nz\/?page_id=506"},"modified":"2024-03-04T14:15:50","modified_gmt":"2024-03-04T01:15:50","slug":"506-2","status":"publish","type":"page","link":"https:\/\/sefa.co.nz\/?page_id=506&lang=es","title":{"rendered":"Bioenerg\u00e9tica"},"content":{"rendered":"<h1 style=\"font-size: 40px;\">Modelado bioenerg\u00e9tico<\/h1>\n<p>Contamos con el software para aplicar un modelo bioenerg\u00e9tico de alimentaci\u00f3n de la deriva fluvial (macroinvertebrados) para salm\u00f3nidos, el cual puede generar valores de ingesta neta de energ\u00eda (NEI) en un rango de profundidades y velocidades del agua. Las predicciones se pueden usar para construir curvas de idoneidad de &#8220;h\u00e1bitat&#8221; univariadas o modelos de selecci\u00f3n de &#8220;h\u00e1bitat&#8221; multivariantes para su uso en programas de modelaci\u00f3n de h\u00e1bitats y caudales ambientales. Los submodelos de \u00e9xito de captura y coste de nataci\u00f3n son componentes b\u00e1sicos del modelo bioenerg\u00e9tico y es necesario comprender su influencia en las predicciones de NEI.<br \/>\nEl uso de modelos bioenerg\u00e9ticos con alimentaci\u00f3n de la deriva fluvial para predecir los efectos de los cambios de caudales en peces que se alimentan a la deriva aument\u00f3 progresivamente (Piccolo et al. 2014). Si los peces ocupan ubicaciones energ\u00e9ticamente ventajosas, el NEI integrado en el tramo de un r\u00edo se convierte en un \u00edndice de la abundancia potencial de peces (p. ej., Hayes et al. 2007, 2016, 2018a) an\u00e1logo a la idoneidad del h\u00e1bitat. Esto ha llevado al desarrollo de curvas de idoneidad del h\u00e1bitat basadas en modelos bioenerg\u00e9ticos (Baker y Coon 1997; Rosenfeld et al. 2016). Las curvas de idoneidad del h\u00e1bitat permiten que los resultados de los modelos bioenerg\u00e9ticos de alimentaci\u00f3n se apliquen en herramientas de software de modelaci\u00f3n de h\u00e1bitats de uso muy amplio. Los an\u00e1lisis en SEFA tambi\u00e9n pueden permitir la interacci\u00f3n profundidad-velocidad y la variaci\u00f3n en la concentraci\u00f3n de deriva con el caudal.<br \/>\nEl software desarrollado recientemente (BioenergeticHSC) permite predecir valores de NEI en un rango de profundidades y velocidades del agua (Naman et al. 2020; Hayes et al. 2020). Las entradas del software incluyen la longitud y el peso de los peces, la temperatura del agua, la altura focal de los peces y la distribuci\u00f3n del tama\u00f1o de las presas y el contenido de energ\u00eda. El software se basa en gran medida en el modelo bioenerg\u00e9tico de alimentaci\u00f3n de Hayes et al. (2016) para salm\u00f3nidos. El siguiente item para descargar incluye informes y documentos que describen el modelo.<br \/>\n<a href=\"https:\/\/www.dropbox.com\/s\/byge6azjex9t1h4\/BioEnergetics32.zip?dl=1\" class=\"su-button su-button-style-default su-button-wide\" style=\"color:#FFFFFF;background-color:#2D89EF;border-color:#246ec0;border-radius:12px;-moz-border-radius:12px;-webkit-border-radius:12px\" target=\"_self\"><span style=\"color:#FFFFFF;padding:9px 30px;font-size:22px;line-height:33px;border-color:#6cadf4;border-radius:12px;-moz-border-radius:12px;-webkit-border-radius:12px;text-shadow:none;-moz-text-shadow:none;-webkit-text-shadow:none\"><img decoding=\"async\" src=\"http:\/\/sefa.co.nz\/wordpress2020\/wp-content\/uploads\/2020\/11\/icons8-salmon-64.ico\" alt=\"Download BioenergeticsHSC 64 bit (2Mb)\" style=\"width:33px;height:33px\" \/> Download BioenergeticsHSC 64 bit (2Mb)<\/span><\/a>\n<a href=\"https:\/\/www.dropbox.com\/s\/ja7lgr0d7mf44ng\/BioEnergetics64.zip?dl=1\" class=\"su-button su-button-style-default\" style=\"color:#FFFFFF;background-color:#2D89EF;border-color:#246ec0;border-radius:12px;-moz-border-radius:12px;-webkit-border-radius:12px\" target=\"_self\"><span style=\"color:#FFFFFF;padding:9px 30px;font-size:22px;line-height:33px;border-color:#6cadf4;border-radius:12px;-moz-border-radius:12px;-webkit-border-radius:12px;text-shadow:none;-moz-text-shadow:none;-webkit-text-shadow:none\"><img decoding=\"async\" src=\"http:\/\/sefa.co.nz\/wordpress2020\/wp-content\/uploads\/2020\/11\/icons8-salmon-64.ico\" alt=\"Download BioenergeticsHSC 64 bit (3Mb)\" style=\"width:33px;height:33px\" \/> Download BioenergeticsHSC 64 bit (3Mb)<\/span><\/a>\n<p>Los pasos para aplicar un modelo bioenerg\u00e9tico son:<\/p>\n<ol>\n<li>Utilizar BioenergeticsHSC.exe para predecir el NEI para un rango de profundidades y velocidades del agua para un submodelo de p\u00e9rdidas (energ\u00e9ticas) en nataci\u00f3n seleccionado y una concentraci\u00f3n de la deriva fluvial (se sugieren concentraciones de 0,3 a 5 \/m<sup>3<\/sup>)<\/li>\n<li>Guardar como modelo aditivo generalizado (GAM). <strong>No<\/strong> cambie el nombre del archivo<\/li>\n<li>Repita este proceso para otra concentraci\u00f3n de deriva si desea variar la concentraci\u00f3n de deriva con el caudal<\/li>\n<li>Este proceso se puede repetir para otros tama\u00f1os de peces, curvas de p\u00e9rdida en nataci\u00f3n, temperaturas del agua o valores de rugosidad del lecho fluvial<\/li>\n<li>Combina todos los GAM guardados (*.MOD) en un archivo zip<\/li>\n<li>En SEFA, abrir H\u00e1bitat Hidr\u00e1ulico&gt;&gt;Predicciones bioenerg\u00e9ticas para tramo de r\u00edo (Reach), seleccione el archivo zip. Entonces, un cuadro de di\u00e1logo le permitir\u00e1 seleccionar la temperatura del agua, el tama\u00f1o de los peces, la rugosidad del sustrato, el modelo de p\u00e9rdidas en nataci\u00f3n, la concentraci\u00f3n de la deriva y si var\u00eda o no con el caudal.<\/li>\n<\/ol>\n","protected":false},"excerpt":{"rendered":"<p>Modelado bioenerg\u00e9tico Contamos con el software para aplicar un modelo bioenerg\u00e9tico de alimentaci\u00f3n de la deriva fluvial (macroinvertebrados) para salm\u00f3nidos, el cual puede generar valores de ingesta neta de energ\u00eda (NEI) en un rango de profundidades y velocidades del agua. &hellip; <a href=\"https:\/\/sefa.co.nz\/?page_id=506&#038;lang=es\">Continue reading <span class=\"meta-nav\">&rarr;<\/span><\/a><\/p>\n","protected":false},"author":1,"featured_media":0,"parent":0,"menu_order":0,"comment_status":"closed","ping_status":"closed","template":"sidebar-page.php","meta":{"footnotes":""},"_links":{"self":[{"href":"https:\/\/sefa.co.nz\/index.php?rest_route=\/wp\/v2\/pages\/506"}],"collection":[{"href":"https:\/\/sefa.co.nz\/index.php?rest_route=\/wp\/v2\/pages"}],"about":[{"href":"https:\/\/sefa.co.nz\/index.php?rest_route=\/wp\/v2\/types\/page"}],"author":[{"embeddable":true,"href":"https:\/\/sefa.co.nz\/index.php?rest_route=\/wp\/v2\/users\/1"}],"replies":[{"embeddable":true,"href":"https:\/\/sefa.co.nz\/index.php?rest_route=%2Fwp%2Fv2%2Fcomments&post=506"}],"version-history":[{"count":5,"href":"https:\/\/sefa.co.nz\/index.php?rest_route=\/wp\/v2\/pages\/506\/revisions"}],"predecessor-version":[{"id":591,"href":"https:\/\/sefa.co.nz\/index.php?rest_route=\/wp\/v2\/pages\/506\/revisions\/591"}],"wp:attachment":[{"href":"https:\/\/sefa.co.nz\/index.php?rest_route=%2Fwp%2Fv2%2Fmedia&parent=506"}],"curies":[{"name":"wp","href":"https:\/\/api.w.org\/{rel}","templated":true}]}}