{"id":497,"date":"2024-03-04T08:38:36","date_gmt":"2024-03-03T19:38:36","guid":{"rendered":"http:\/\/sefa.co.nz\/?page_id=497"},"modified":"2024-03-04T09:33:05","modified_gmt":"2024-03-03T20:33:05","slug":"497-2","status":"publish","type":"page","link":"https:\/\/sefa.co.nz\/?page_id=497&lang=es","title":{"rendered":"Acerca de"},"content":{"rendered":"<h1 style=\"font-size:40px\">Desarrollo de SEFA<\/h1>\n<p>La Metodolog\u00eda Incremental de Caudales Ambientales (IFIM) fue desarrollada originalmente por el Grupo de Flujo Instream (IFG) del Servicio de Pesca y Vida Silvestre de EE. UU. (USFWS) en Fort Collins, Colorado, como un marco de toma de decisiones para evaluar los impactos de los proyectos de desarrollo de agua en ecosistemas acu\u00e1ticos. Los modelos inform\u00e1ticos proporcionaron un mecanismo para cuantificar el h\u00e1bitat acu\u00e1tico por unidad de longitud de la corriente mediante la vinculaci\u00f3n de la hidr\u00e1ulica del cauce con las curvas o modelos de idoneidad del h\u00e1bitat para crear un \u00edndice del h\u00e1bitat llamado \u00e1rea utilizable ponderada (WUA), que ahora llamamos idoneidad ponderada por \u00e1rea (AWS) para hacer su significado m\u00e1s claro (en Espa\u00f1a, HPU, h\u00e1bitat potencial \u00fatil). Luego, varios modelos adicionales podr\u00edan vincular el \u00edndice de h\u00e1bitat con la hidrolog\u00eda para ubicar el \u00edndice en el contexto de la variabilidad del caudal y realizar un an\u00e1lisis de series temporales del h\u00e1bitat total.<\/p>\n<p>Adem\u00e1s del programa de modelaci\u00f3n de h\u00e1bitat hidr\u00e1ulico PHABSIM, el IFG cre\u00f3 TSLIB para el an\u00e1lisis de series temporales hidrol\u00f3gicas de referencia y series alternativas, SNTEMP para el an\u00e1lisis de temperatura de la red fluvial y LIAM para el an\u00e1lisis legal e institucional, pero no escribi\u00f3 ning\u00fan software para implementar el IFIM completo. A pesar de que el IFG recordaba constantemente a los usuarios estadounidenses e internacionales del enfoque PHABSIM que dicha herramienta deber\u00eda aplicarse dentro del contexto de IFIM, no hab\u00eda ning\u00fan software escrito para hacerlo, y PHABSIM, el modelo, finalmente lleg\u00f3 a ser percibido como sin\u00f3nimo de IFIM, el proceso. Hay otras razones adem\u00e1s de la falta de software, por supuesto, algunas psicol\u00f3gicas, algunas impulsadas por el coste, algunas por inexperiencia, pero el resultado final fue el mismo: la metodolog\u00eda IFIM fue criticada por ser solo un modelo f\u00edsico de h\u00e1bitat de peces en lugar de ser correctamente conocido como un marco multidisciplinario y de m\u00faltiples componentes para el an\u00e1lisis y la negociaci\u00f3n de alternativas.<\/p>\n<p>Las consecuencias de la confusi\u00f3n entre PHABSIM e IFIM incluyen la multiplicaci\u00f3n de m\u00e9todos alternativos y, a menudo, similares, la fragmentaci\u00f3n del an\u00e1lisis entre disciplinas cient\u00edficas, la p\u00e9rdida de una vision y aplicaci\u00f3n integradas de estos estudios y, en \u00faltima instancia, una menor protecci\u00f3n de los recursos naturales. La correcci\u00f3n de la percepci\u00f3n err\u00f3nea es muy dif\u00edcil si no hay un enfoque renovado y fresco, especialmente porque el personal original del IFG est\u00e1 casi todo jubilado y la Agencia responsable de estos temas le ha dado al grupo una direcci\u00f3n diferente.<\/p>\n","protected":false},"excerpt":{"rendered":"<p>Desarrollo de SEFA La Metodolog\u00eda Incremental de Caudales Ambientales (IFIM) fue desarrollada originalmente por el Grupo de Flujo Instream (IFG) del Servicio de Pesca y Vida Silvestre de EE. UU. (USFWS) en Fort Collins, Colorado, como un marco de toma &hellip; <a href=\"https:\/\/sefa.co.nz\/?page_id=497&#038;lang=es\">Continue reading <span class=\"meta-nav\">&rarr;<\/span><\/a><\/p>\n","protected":false},"author":1,"featured_media":0,"parent":0,"menu_order":4,"comment_status":"closed","ping_status":"closed","template":"sidebar-page.php","meta":{"footnotes":""},"_links":{"self":[{"href":"https:\/\/sefa.co.nz\/index.php?rest_route=\/wp\/v2\/pages\/497"}],"collection":[{"href":"https:\/\/sefa.co.nz\/index.php?rest_route=\/wp\/v2\/pages"}],"about":[{"href":"https:\/\/sefa.co.nz\/index.php?rest_route=\/wp\/v2\/types\/page"}],"author":[{"embeddable":true,"href":"https:\/\/sefa.co.nz\/index.php?rest_route=\/wp\/v2\/users\/1"}],"replies":[{"embeddable":true,"href":"https:\/\/sefa.co.nz\/index.php?rest_route=%2Fwp%2Fv2%2Fcomments&post=497"}],"version-history":[{"count":2,"href":"https:\/\/sefa.co.nz\/index.php?rest_route=\/wp\/v2\/pages\/497\/revisions"}],"predecessor-version":[{"id":554,"href":"https:\/\/sefa.co.nz\/index.php?rest_route=\/wp\/v2\/pages\/497\/revisions\/554"}],"wp:attachment":[{"href":"https:\/\/sefa.co.nz\/index.php?rest_route=%2Fwp%2Fv2%2Fmedia&parent=497"}],"curies":[{"name":"wp","href":"https:\/\/api.w.org\/{rel}","templated":true}]}}