{"id":500,"date":"2024-03-04T08:39:51","date_gmt":"2024-03-03T19:39:51","guid":{"rendered":"http:\/\/sefa.co.nz\/?page_id=500"},"modified":"2024-09-16T08:39:34","modified_gmt":"2024-09-15T20:39:34","slug":"500-2","status":"publish","type":"page","link":"http:\/\/sefa.co.nz\/?page_id=500&lang=es","title":{"rendered":"Registro para abonados"},"content":{"rendered":"<p>La instalaci\u00f3n completa incluye el programa, el manual del software (en formato pdf) y archivos de ejemplo. La versi\u00f3n de 64 bits se recomienda para la mayor\u00eda de las aplicaciones porque puede manejar series de flujo m\u00e1s grandes.<\/p>\n<p>El coste del registro de un solo usuario es de $NZ395.00. El coste del registro de un equipo (m\u00faltiple) es de $NZ790.00.<br \/>\nEstos son registros de por vida con actualizaciones y apoyo gratuitos.<\/p>\n<p>Cuando se ejecuta el archivo de instalaci\u00f3n, SEFA se instalar\u00e1 en los directorios que usted elija.<br \/>\nSi est\u00e1 actualizando SEFA, la instalaci\u00f3n se establecer\u00e1 de forma predeterminada en el directorio SEFA existente y sobrescribir\u00e1 la versi\u00f3n anterior.<\/p>\n<p>Se requieren derechos administrativos para ejecutar el programa de instalaci\u00f3n.<\/p>\n<div class=\"swpm-registration-widget-form\">\n    <form id=\"swpm-registration-form\" class=\"swpm-validate-form\" name=\"swpm-registration-form\" method=\"post\" action=\"\">\n        <input type =\"hidden\" name=\"level_identifier\" value=\"a87ff679a2f3e71d9181a67b7542122c\" \/>\n        <table>\n            <tr class=\"swpm-registration-username-row\" >\n                <td><label for=\"user_name\">Username<\/label><\/td>\n                <td><input type=\"text\" id=\"user_name\" class=\"validate[required,custom[noapostrophe],custom[SWPMUserName],minSize[4],ajax[ajaxUserCall]]\" value=\"\" size=\"50\" name=\"user_name\" \/><\/td>\n            <\/tr>\n            <tr class=\"swpm-registration-email-row\">\n                <td><label for=\"email\">Email<\/label><\/td>\n                <td><input type=\"text\" autocomplete=\"off\" id=\"email\" class=\"validate[required,custom[email],ajax[ajaxEmailCall]]\" value=\"\" size=\"50\" name=\"email\" \/><\/td>\n            <\/tr>\n            <tr class=\"swpm-registration-password-row\">\n                <td><label for=\"password\">Password<\/label><\/td>\n                <td><input type=\"password\" autocomplete=\"off\" id=\"password\" class=\"\" value=\"\" size=\"50\" name=\"password\" \/><\/td>\n            <\/tr>\n            <tr class=\"swpm-registration-password-retype-row\">\n                <td><label for=\"password_re\">Repeat Password<\/label><\/td>\n                <td><input type=\"password\" autocomplete=\"off\" id=\"password_re\" value=\"\" size=\"50\" name=\"password_re\" \/><\/td>\n            <\/tr>\n            <tr class=\"swpm-registration-firstname-row\" >\n                <td><label for=\"first_name\">First Name<\/label><\/td>\n                <td><input type=\"text\" id=\"first_name\" value=\"\" size=\"50\" name=\"first_name\" \/><\/td>\n            <\/tr>\n            <tr class=\"swpm-registration-lastname-row\" >\n                <td><label for=\"last_name\">Last Name<\/label><\/td>\n                <td><input type=\"text\" id=\"last_name\" value=\"\" size=\"50\" name=\"last_name\" \/><\/td>\n            <\/tr>\n            <tr class=\"swpm-registration-membership-level-row\" >\n                <td><label for=\"membership_level\">Membership Level<\/label><\/td>\n                <td>\n                    Register for paid<input type=\"hidden\" value=\"4\" size=\"50\" name=\"swpm_membership_level\" id=\"membership_level\" \/><input type=\"hidden\" name=\"swpm_level_hash\" value=\"54a90973c1f7669c4cabdce0633744a8\" \/>                <\/td>\n            <\/tr>\n                    <\/table>\n\n        <div class=\"swpm-before-registration-submit-section\" align=\"center\"><\/div>\n\n        <div class=\"swpm-registration-submit-section\" align=\"center\">\n            <input type=\"submit\" value=\"Register\" class=\"swpm-registration-submit\" name=\"swpm_registration_submit\" \/>\n        <\/div>\n\n        <input type=\"hidden\" name=\"action\" value=\"custom_posts\" \/>\n\n    <\/form>\n<\/div>\n\n","protected":false},"excerpt":{"rendered":"<p>La instalaci\u00f3n completa incluye el programa, el manual del software (en formato pdf) y archivos de ejemplo. La versi\u00f3n de 64 bits se recomienda para la mayor\u00eda de las aplicaciones porque puede manejar series de flujo m\u00e1s grandes. El coste &hellip; <a href=\"http:\/\/sefa.co.nz\/?page_id=500&#038;lang=es\">Continue reading <span class=\"meta-nav\">&rarr;<\/span><\/a><\/p>\n","protected":false},"author":1,"featured_media":0,"parent":0,"menu_order":0,"comment_status":"closed","ping_status":"closed","template":"showcase.php","meta":{"footnotes":""},"_links":{"self":[{"href":"http:\/\/sefa.co.nz\/index.php?rest_route=\/wp\/v2\/pages\/500"}],"collection":[{"href":"http:\/\/sefa.co.nz\/index.php?rest_route=\/wp\/v2\/pages"}],"about":[{"href":"http:\/\/sefa.co.nz\/index.php?rest_route=\/wp\/v2\/types\/page"}],"author":[{"embeddable":true,"href":"http:\/\/sefa.co.nz\/index.php?rest_route=\/wp\/v2\/users\/1"}],"replies":[{"embeddable":true,"href":"http:\/\/sefa.co.nz\/index.php?rest_route=%2Fwp%2Fv2%2Fcomments&post=500"}],"version-history":[{"count":4,"href":"http:\/\/sefa.co.nz\/index.php?rest_route=\/wp\/v2\/pages\/500\/revisions"}],"predecessor-version":[{"id":629,"href":"http:\/\/sefa.co.nz\/index.php?rest_route=\/wp\/v2\/pages\/500\/revisions\/629"}],"wp:attachment":[{"href":"http:\/\/sefa.co.nz\/index.php?rest_route=%2Fwp%2Fv2%2Fmedia&parent=500"}],"curies":[{"name":"wp","href":"https:\/\/api.w.org\/{rel}","templated":true}]}}